
Is 556699579 prime?
False
Is 160507783 a prime number?
False
Is 8888977 a prime number?
False
Is 13559753 a composite number?
False
Is 131333957 composite?
False
Is 79466741 a prime number?
True
Is 208547065 prime?
False
Is 9760513 prime?
False
Is 1643311 composite?
False
Is 4535831 composite?
False
Is 1182947 a prime number?
True
Is 5062501 a composite number?
True
Is 556865185 a prime number?
False
Is 595321 composite?
True
Is 301449553 prime?
False
Is 3286369 prime?
True
Is 91688137 a composite number?
True
Is 13616381 prime?
False
Is 89189171 composite?
True
Is 4391859 composite?
True
Is 652027 a prime number?
False
Is 157603417 a composite number?
False
Is 212827 composite?
False
Is 37197133 a composite number?
False
Is 16092667 composite?
False
Is 11360191 composite?
True
Is 2946611 a composite number?
False
Is 5228681 a prime number?
False
Is 13886515 prime?
False
Is 4694479 composite?
False
Is 164986457 composite?
False
Is 878894389 a prime number?
False
Is 19866527 a composite number?
False
Is 1077893 a composite number?
False
Is 2987791 composite?
False
Is 4589933 composite?
False
Is 34803137 composite?
True
Is 6975413 a composite number?
True
Is 75833567 prime?
True
Is 35238043 prime?
True
Is 8656691 a prime number?
True
Is 395933 a prime number?
False
Is 16336981 a prime number?
True
Is 10678273 a prime number?
True
Is 2582837 a composite number?
False
Is 259642379 a prime number?
False
Is 348317 a prime number?
False
Is 1635817 composite?
False
Is 10980167 composite?
True
Is 9030914 a prime number?
False
Is 63107861 a composite number?
True
Is 61662463 a prime number?
False
Is 26552413 a prime number?
True
Is 12762229 composite?
False
Is 22520669 prime?
True
Is 8828453 composite?
True
Is 14614559 a prime number?
True
Is 159001267 a composite number?
True
Is 254904533 a prime number?
False
Is 98936789 a prime number?
False
Is 117224359 a prime number?
False
Is 64072202 a composite number?
True
Is 22987751 a prime number?
True
Is 2756555 a composite number?
True
Is 17817949 prime?
True
Is 55353869 prime?
True
Is 3539257 composite?
False
Is 383869 prime?
True
Is 91253 prime?
True
Is 211763219 composite?
False
Is 16271863 a composite number?
True
Is 25567 a composite number?
True
Is 414539 a prime number?
True
Is 2344099 a composite number?
True
Is 32789695 composite?
True
Is 30351337 prime?
True
Is 11930239 composite?
False
Is 17865017 a prime number?
True
Is 4835867 prime?
True
Is 628027067 prime?
True
Is 29175143 a composite number?
False
Is 43590121 a composite number?
True
Is 140000129 a prime number?
True
Is 22518655 a prime number?
False
Is 638376089 a prime number?
False
Is 92458711 a prime number?
True
Is 757021 composite?
True
Is 33959117 prime?
False
Is 6186611 a prime number?
True
Is 35029139 prime?
False
Is 236190857 a composite number?
True
Is 173473 a composite number?
False
Is 2249902 a prime number?
False
Is 84292973 a prime number?
False
Is 28866147 composite?
True
Is 4628389 prime?
True
Is 324687271 a composite number?
True
Is 73553053 prime?
False
Is 5999401 prime?
False
Is 193690898 a composite number?
True
Is 13542479 composite?
False
Is 16616821 prime?
False
Is 717259 composite?
False
Is 24107191 a prime number?
False
Is 22171847 composite?
True
Is 7341013 composite?
True
Is 195481411 a prime number?
False
Is 815729 composite?
False
Is 23581427 a composite number?
False
Is 7916533 prime?
True
Is 83737 composite?
False
Is 6590413 composite?
False
Is 3026701 prime?
False
Is 124976977 a composite number?
False
Is 136764059 composite?
False
Is 34260803 a composite number?
True
Is 242697373 a prime number?
True
Is 1650481 a prime number?
False
Is 151737143 prime?
False
Is 125273 a composite number?
True
Is 62223173 prime?
True
Is 4688503 a composite number?
False
Is 1188679 a prime number?
True
Is 31721 a prime number?
True
Is 223503389 composite?
False
Is 2639389 prime?
True
Is 7048253 a prime number?
False
Is 52358629 composite?
False
Is 77224681 prime?
False
Is 13979741 composite?
False
Is 2691235 a prime number?
False
Is 3627541 composite?
True
Is 14368894 a composite number?
True
Is 98000543 a prime number?
False
Is 4061621 a prime number?
True
Is 371719 composite?
False
Is 4279507 composite?
False
Is 1056901 a composite number?
True
Is 461542339 a composite number?
False
Is 118891653 prime?
False
Is 344828707 composite?
True
Is 8475709 prime?
False
Is 17605699 composite?
True
Is 1137629 composite?
False
Is 284794309 composite?
False
Is 141300097 a composite number?
False
Is 8280691 prime?
False
Is 172406811 composite?
True
Is 468769793 a composite number?
False
Is 42114691 prime?
False
Is 76004251 composite?
False
Is 4346159 a prime number?
False
Is 18674111 prime?
True
Is 466995157 a prime number?
True
Is 48662891 a prime number?
False
Is 203024813 prime?
False
Is 6705593 prime?
True
Is 11620003 composite?
False
Is 343111 a prime number?
False
Is 57267889 a composite number?
True
Is 3780879 a composite number?
True
Is 290725751 composite?
False
Is 291428273 composite?
False
Is 110707627 a prime number?
False
Is 1028114393 composite?
False
Is 18609557 a prime number?
False
Is 33290329 prime?
True
Is 64400339 prime?
False
Is 587017 prime?
True
Is 13903889 composite?
False
Is 773887 prime?
False
Is 16423763 a composite number?
False
Is 2166119 a prime number?
True
Is 7934709 composite?
True
Is 9209677 a composite number?
True
Is 120372001 prime?
True
Is 6157659 a composite number?
True
Is 38313593 a composite number?
False
Is 9506009 a prime number?
False
Is 3522889 composite?
False
Is 103004401 a prime number?
False
Is 1061418593 composite?
True
Is 16801309 composite?
True
Is 14412983 composite?
True
Is 86657273 a prime number?
False
Is 47005103 a composite number?
True
Is 6337343 composite?
False
Is 58959753 a composite number?
True
Is 38248211 prime?
True
Is 25936357 composite?
False
Is 3161891 prime?
True
Is 443544223 prime?
True
Is 6051251 composite?
True
Is 1201559 prime?
True
Is 59369489 composite?
False
Is 1055907737 prime?
False
Is 555011833 composite?
True
Is 2833021 composite?
False
Is 72555703 prime?
False
Is 4930307 a composite number?
True
Is 5233469 a prime number?
True
Is 40344167 a composite number?
False
Is 12344803 a composite number?
False
Is 311441 a composite number?
True
Is 1611893 prime?
False
Is 2607791 composite?
False
Is 104226169 prime?
False
Is 9465689 a composite number?
True
Is 107433419 composite?
False
Is 23724677 a prime number?
True
Is 2163089 composite?
True
Is 10678429 prime?
True
Is 15125503 composite?
False
Is 754151 prime?
False
Is 87949 composite?
True
Is 242087403 prime?
False
Is 26187893 a prime number?
True
Is 252219821 prime?
False
Is 8192267 prime?
True
Is 137833165 prime?
False
Is 34613987 a composite number?
True
Is 61333091 composite?
False
Is 5256991 composite?
True
Is 904674289 prime?
True
Is 1486687 a prime number?
True
Is 131562947 prime?
True
Is 60709381 prime?
True
Is 14411261 prime?
False
Is 8789653 a composite number?
False
Is 27491249 prime?
True
Is 1410760579 composite?
True
Is 7734637 a composite number?
False
Is 103886287 a prime number?
True
Is 816001 a composite number?
True
Is 7194979 prime?
False
Is 1706893 composite?
True
Is 34988381 composite?
False
Is 135031229 a prime number?
False
Is 4338511 a composite number?
False
Is 183075422 composite?
True
Is 25184681 composite?
True
Is 262530169 a composite number?
True
Is 43071527 a composite number?
False
Is 2852699 a composite number?
False
Is 80700929 a composite number?
False
Is 116440613 composite?
True
Is 252073823 a composite number?
False
Is 71973437 composite?
False
Is 37837829 prime?
False
Is 844087 prime?
True
Is 10795301 composite?
True
Is 1967411 a prime number?
True
Is 63450053 a prime number?
False
Is 83746589 prime?
True
Is 423629563 prime?
False
Is 37086149 a composite number?
True
Is 153047321 a composite number?
True
Is 585064257 prime?
False
Is 6760093 prime?
True
Is 42942997 a composite number?
True
Is 90316073 prime?
True
Is 2891081 prime?
True
Is 44060501 a composite number?
False
Is 147659 composite?
True
Is 13630763 a prime number?
False
Is 158914021 prime?
False
Is 36577379 a composite number?
False
Is 3771683 a prime number?
False
Is 586007813 a prime number?
False
Is 19